{"id":2335,"date":"2021-02-09T13:33:39","date_gmt":"2021-02-09T12:33:39","guid":{"rendered":"http:\/\/agent.dfirma.pl\/?page_id=2335"},"modified":"2021-02-09T13:37:48","modified_gmt":"2021-02-09T12:37:48","slug":"reklama","status":"publish","type":"page","link":"https:\/\/agent.dfirma.pl\/index.php\/reklama\/","title":{"rendered":"Reklama"},"content":{"rendered":"\n<p>Agent Przysz\u0142o\u015bci to jeden z najwi\u0119kszych na rynku portali informacyjnych dla Agent\u00f3w Ubezpieczeniowych.<\/p>\n\n\n\n<p>Posiadamy baz\u0119 ponad tysi\u0105ca agent\u00f3w ubezpieczeniowych z kt\u00f3r\u0105 regularnie komunikujemy si\u0119.<br>Je\u015bli chcia\u0142by\u015b dotrze\u0107 z komunikacja do w\u0105skiej i specjalistycznej grupy Agent\u00f3w Ubezpieczeniowych &#8211; skontaktuj si\u0119 z nami.<\/p>\n\n\n\n<p>Dodatkowo w ramach dzia\u0142a\u0144 reklamowych oferujemy wsp\u00f3\u0142prac\u0119 przy przygotowaniu i przeprowadzaniu kampanii reklamowej z jedn\u0105 z czo\u0142owych agencji marketingowych w Polsce.<\/p>\n\n\n\n<p><\/p>\n\n\n\n<p><strong>Poznaj nasz\u0105 ofert\u0119.&nbsp;Skontaktuj si\u0119 z nami. <\/strong><\/p>\n\n\n\n<p>Mariola Turewicz<br>tel.\u00a0606816159<br><a rel=\"noreferrer noopener\" href=\"mailto:reklama@agentprzyszlosci.pl\" target=\"_blank\">reklama@agentprzyszlosci.pl<\/a><\/p>\n\n\n\n<p><\/p>\n\n\n\n<div class=\"wp-block-contact-form-7-contact-form-selector\"><div role=\"form\" class=\"wpcf7\" id=\"wpcf7-f2156-o1\" lang=\"en-US\" dir=\"ltr\">\n<div class=\"screen-reader-response\"><p role=\"status\" aria-live=\"polite\" aria-atomic=\"true\"><\/p> <ul><\/ul><\/div>\n<form action=\"\/index.php\/wp-json\/wp\/v2\/pages\/2335#wpcf7-f2156-o1\" method=\"post\" class=\"wpcf7-form init\" novalidate=\"novalidate\" data-status=\"init\">\n<div style=\"display: none;\">\n<input type=\"hidden\" name=\"_wpcf7\" value=\"2156\" \/>\n<input type=\"hidden\" name=\"_wpcf7_version\" value=\"5.3.2\" \/>\n<input type=\"hidden\" name=\"_wpcf7_locale\" value=\"en_US\" \/>\n<input type=\"hidden\" name=\"_wpcf7_unit_tag\" value=\"wpcf7-f2156-o1\" \/>\n<input type=\"hidden\" name=\"_wpcf7_container_post\" value=\"0\" \/>\n<input type=\"hidden\" name=\"_wpcf7_posted_data_hash\" value=\"\" \/>\n<\/div>\n<div class=\"cs-row\">\n<div class=\"cs-col-md-6\">\n<label> Imi\u0119 i nazwisko <span class=\"required\">*<\/span><br \/>\n    <span class=\"wpcf7-form-control-wrap your-name\"><input type=\"text\" name=\"your-name\" value=\"\" size=\"40\" class=\"wpcf7-form-control wpcf7-text wpcf7-validates-as-required\" aria-required=\"true\" aria-invalid=\"false\" \/><\/span> <\/label>\n<\/div>\n<div class=\"cs-col-md-6\">\n<label> Tw\u00f3j adres e-mail <span class=\"required\">*<\/span><br \/>\n    <span class=\"wpcf7-form-control-wrap your-email\"><input type=\"email\" name=\"your-email\" value=\"\" size=\"40\" class=\"wpcf7-form-control wpcf7-text wpcf7-email wpcf7-validates-as-required wpcf7-validates-as-email\" aria-required=\"true\" aria-invalid=\"false\" \/><\/span> <\/label>\n<\/div>\n<\/div>\n<p><label for=\"cs-message\">Wiadomo\u015b\u0107 <span class=\"required\">*<\/span><\/label><br \/>\n<span class=\"wpcf7-form-control-wrap your-message\"><textarea name=\"your-message\" cols=\"40\" rows=\"5\" class=\"wpcf7-form-control wpcf7-textarea wpcf7-validates-as-required\" id=\"cs-message\" aria-required=\"true\" aria-invalid=\"false\"><\/textarea><\/span><br \/>\n<input type=\"submit\" value=\"Wy\u015blij\" class=\"wpcf7-form-control wpcf7-submit button button-primary\" \/><\/p>\n<div class=\"wpcf7-response-output\" aria-hidden=\"true\"><\/div><\/form><\/div><\/div>\n\n\n\n<div class=\"wp-block-columns is-layout-flex wp-container-core-columns-is-layout-9d6595d7 wp-block-columns-is-layout-flex\">\n<div class=\"wp-block-column is-layout-flow wp-block-column-is-layout-flow\" style=\"flex-basis:100%\">\n<div class=\"wp-block-group\"><div class=\"wp-block-group__inner-container is-layout-flow wp-block-group-is-layout-flow\">\n<p><\/p>\n<\/div><\/div>\n<\/div>\n<\/div>\n","protected":false},"excerpt":{"rendered":"Agent Przysz\u0142o\u015bci to jeden z najwi\u0119kszych na rynku portali informacyjnych dla Agent\u00f3w Ubezpieczeniowych. Posiadamy baz\u0119 ponad tysi\u0105ca agent\u00f3w&hellip;\n","protected":false},"author":1,"featured_media":0,"parent":0,"menu_order":0,"comment_status":"closed","ping_status":"closed","template":"","meta":{"csco_singular_sidebar":"","csco_page_header_type":"","csco_appearance_grid":"","csco_page_load_nextpost":"","csco_post_video_location":[],"csco_post_video_location_hash":"","csco_post_video_url":"","csco_post_video_bg_start_time":0,"csco_post_video_bg_end_time":0,"footnotes":""},"class_list":{"0":"post-2335","1":"page","2":"type-page","3":"status-publish","5":"cs-entry","6":"cs-video-wrap"},"_links":{"self":[{"href":"https:\/\/agent.dfirma.pl\/index.php\/wp-json\/wp\/v2\/pages\/2335","targetHints":{"allow":["GET"]}}],"collection":[{"href":"https:\/\/agent.dfirma.pl\/index.php\/wp-json\/wp\/v2\/pages"}],"about":[{"href":"https:\/\/agent.dfirma.pl\/index.php\/wp-json\/wp\/v2\/types\/page"}],"author":[{"embeddable":true,"href":"https:\/\/agent.dfirma.pl\/index.php\/wp-json\/wp\/v2\/users\/1"}],"replies":[{"embeddable":true,"href":"https:\/\/agent.dfirma.pl\/index.php\/wp-json\/wp\/v2\/comments?post=2335"}],"version-history":[{"count":2,"href":"https:\/\/agent.dfirma.pl\/index.php\/wp-json\/wp\/v2\/pages\/2335\/revisions"}],"predecessor-version":[{"id":2339,"href":"https:\/\/agent.dfirma.pl\/index.php\/wp-json\/wp\/v2\/pages\/2335\/revisions\/2339"}],"wp:attachment":[{"href":"https:\/\/agent.dfirma.pl\/index.php\/wp-json\/wp\/v2\/media?parent=2335"}],"curies":[{"name":"wp","href":"https:\/\/api.w.org\/{rel}","templated":true}]}}